igit of h?
7
Let m(s) = 32*s**2 + 45*s - 328. What is the tens digit of m(10)?
2
Let x = 66912 - 44489. What is the units digit of x?
3
Suppose -9123274 = -663*h + 8689547. What is the units digit of h?
7
Suppose -4*g + g - 826 = 5*v, 5*v - 2*g + 841 = 0. Let w = 336 + v. What is the tens digit of w?
6
Suppose 10*b = 6*b + 528. Let k = -117 + b. What is the units digit of k?
5
Suppose 21*w + 2*m - 148294 = 17*w, 21 = 3*m. What is the units digit of w?
0
Let y(b) = 98*b**2 - 3*b - 2. Let r be y(-1). Let q be r/21 + 10/35. Suppose 2*w + 5*g - 77 = 0, 5*w + q*g - 230 = -0*w. What is the tens digit of w?
5
Let w = -123 + 333. Let s = 116 - w. Let u = -90 - s. What is the units digit of u?
4
Let u = 1152 - -634. What is the hundreds digit of u?
7
Let u(k) = -k**3 + 14*k**2 - 13*k + 3. Let a be u(13). Suppose -20 = 5*y, -a*m + 51 = -3*y - 168. What is the tens digit of m?
6
Let j = -7 - -16. Let r be (-12)/(-18) + 4467/j. Suppose -4*w - y + 499 = 0, 2*y + y = -4*w + r. What is the hundreds digit of w?
1
Let b be ((-3)/4)/((-1)/8). Let c(m) = -1. Let x(j) = 14*j + 33. Let a(t) = 4*c(t) + x(t). What is the tens digit of a(b)?
1
Suppose 2*d = 4*l - 55816, -109*d + 112*d = -4*l + 55846. What is the units digit of l?
7
Suppose -4*g + 3 = -3*t, 3*t = -2*g + 13 + 2. Suppose -g = m + 5*a, 3*m + 0*m = 2*a - 26. What is the units digit of 13/2*(-7 + 5)*m?
4
Suppose 0 = 11*x - 9*x - 8. Suppose x*l = 7*l - 9. Let w = l - -72. What is the units digit of w?
5
Suppose 0 = -40*t + 43*t + 3*r - 23895, r + 7963 = t. What is the units digit of t?
4
Let t(q) be the second derivative of 1/20*q**5 - 1/6*q**3 + 0 + 7/2*q**2 + q**4 + 19*q. What is the units digit of t(-11)?
9
Let t(n) = 2*n + 154. Let k(v) = -3*v - 152. Let q(r) = -6*k(r) - 5*t(r). What is the units digit of q(18)?
6
Let h be ((-8)/(-48)*2)/(1/120). What is the tens digit of 470/h + -12 - 6082/(-8)?
6
Suppose -2*y + 2*f + 66 = -94, -243 = -3*y + 4*f. Let g = 38 - y. Let h = -1 - g. What is the tens digit of h?
3
Let p = 171 - 173. What is the units digit of (8/16)/(p/(-4))*25?
5
Let g(w) = 5*w - 10. Let c be g(3). Suppose 0 = -c*x - 2 + 22. Suppose -5*l + x*l + 197 = 0. What is the units digit of l?
7
Suppose 18 = 4*m - 5*p - 5, -5*m - 2 = 4*p. Suppose 5*i - m*h = -151, -3*h + 2*h = -3. What is the tens digit of (i - -26) + 1*49?
4
Let q be -3 - (-3)/(-15)*5. Let c(j) = -j**3 - 2*j**2 + 10*j + 2. Let b be c(q). Let a(f) = -44*f - 47. What is the units digit of a(b)?
7
Suppose 2*c - 9 = 15. Suppose 5*i = -22 + c. Let u(k) = -2*k + 12. What is the tens digit of u(i)?
1
Let t be (-6282)/(-45) + (-3)/5. Let y = -16 + t. Suppose 2*n = 3*n - y. What is the tens digit of n?
2
Suppose -5115 = 6*y - 18009. Suppose -515 = 38*r - y. What is the tens digit of r?
4
Let v(b) = -b**3 + 9*b**2 + 23*b + 3. Suppose -10 = -3*h + 23. Suppose h = -q + 22. What is the tens digit of v(q)?
1
Let j be -1*2/(-2)*-67. Let v = j + 31. What is the units digit of 4/18 + (-172)/v?
5
Suppose 31*q - 125094 = 19*q + 4746. What is the tens digit of q?
2
Suppose -5*t - 23*d - 2834 = -20*d, -5*t - 4*d - 2837 = 0. Let k = t - -829. What is the hundreds digit of k?
2
Let v = -151 + -36. Let y = v + 301. Suppose 2*d - 124 = -z, 0*z + 4*d = -z + y. What is the hundreds digit of z?
1
Let u = 262 + -241. Suppose -4*d + u*f - 23*f + 3454 = 0, 3*d = -5*f + 2580. What is the units digit of d?
5
Let v be (20/(-50))/(1/(-60)). Let p be v/(-16)*(1 + -5). Suppose 5*f + 89 = p*f. What is the units digit of f?
9
Suppose -124*s + 116*s + 1536 = 0. What is the tens digit of s?
9
Let d = 6 - -2320. Suppose 10*k = 1144 + d. What is the tens digit of k?
4
Let w = -541 - -1110. Let a = -448 + w. What is the tens digit of a?
2
Let g(u) = 9*u**2 + 31*u + 390. What is the thousands digit of g(36)?
3
Let c be (-55)/(-10)*(6/2 + -1). Suppose 5*h - 1914 = -2*d, -3*h - c*d = -10*d - 1149. What is the tens digit of h?
8
Suppose 2*n + 11*u - 13*u = 10, 0 = -2*n + 5*u + 10. What is the hundreds digit of 894 + n + 9 + -9?
8
Let h(k) = -5*k**3 + 2*k**2 + 2*k - 1. Let n be h(-1). Suppose -3*x + 113 = -z, n*x - 2*z - 218 = -64. Suppose 15*r - 9*r - x = 0. What is the units digit of r?
6
Let j(f) = 1142*f**2 + 49*f + 93. What is the hundreds digit of j(-3)?
2
Suppose 0 = 46*r + 23*r - 85698. What is the tens digit of r?
4
Let n = -891 - -1358. What is the units digit of n?
7
Let r be ((-22)/6 - -4) + (-232)/12. Let w(j) be the third derivative of -j**4/24 + 4*j**3/3 - j**2. What is the units digit of w(r)?
7
Let q(w) = w**3 - 10*w**2 - 2*w - 28. Let k(j) = 3*j**2 + 3*j - 6. Let b be k(2). What is the hundreds digit of q(b)?
2
Let n be (94472/(-168))/(1/(-6)). Suppose 0 = 39*b - 14216 + n. What is the tens digit of b?
7
Let w = -3765 + 3759. Let h = -16 - -22. What is the units digit of (-972)/(-6) - w*(-4)/h?
8
Let s = 12 - -14. Suppose -w = 2, 5*b = -w + 216 + 182. Suppose 6*j = b - s. What is the units digit of j?
9
What is the units digit of 16/9 + 2/9 - (-41992)/2?
8
What is the tens digit of 2 + 11 + 4 + 52633?
5
Let j = -466 - -576. Let k = 447 - j. What is the hundreds digit of k?
3
Let w(u) = 2*u + 15. Let v(q) = -44*q + 15*q - 4 + 18*q + 5 + 2*q**2. Let b be v(6). What is the tens digit of w(b)?
2
Suppose 0 = -27*z + 32*z - 2225. Let n = z - 327. What is the units digit of n?
8
Let c(s) = -12*s**2 - 30*s + 8. Let h be c(-8). What is the hundreds digit of (-7 - h) + -1 + -3?
5
Suppose -58995 = -246*b + 227*b. What is the thousands digit of b?
3
Let v = -65 - -33. Let g = v + 24. Let p = 56 + g. What is the units digit of p?
8
Let v(a) = 2*a**3 - 50*a**2 + 1. Let n be v(25). Let w(p) = 19*p - 15. What is the units digit of w(n)?
4
Suppose 273 = -q - 4*a, -5*q = -2*a + 3*a + 1403. Let k = 614 + q. What is the hundreds digit of k?
3
Let u be (-2)/19 - 8825/95. Let q = -233 - u. Let r = 286 + q. What is the hundreds digit of r?
1
Let f = 3937 - -2010. What is the hundreds digit of f?
9
Suppose 0 = 3*m + k, -2*m - 2*k = -6*k + 14. Let b be 2010/12 + (m/2 - 0). Suppose -173 = -2*a + 5*i - 46, -b = -2*a - 3*i. What is the tens digit of a?
7
Let x = 47 - 65. Let f be 4/(-18)*-1 + (-50)/x. Suppose 4*p + 2*s = -2*s + 412, 0 = f*p + s - 305. What is the tens digit of p?
0
Suppose -6341 = -4*q + t, -335*t = -5*q - 340*t + 7920. What is the hundreds digit of q?
5
Suppose 4*x - 304 = -4*f, 58 = x - 5*f - 12. Let s = 440 + x. Suppose -s + 80 = -5*v. What is the units digit of v?
7
Let z(n) = 67*n**3 + 4*n**2 + 164*n - 783. What is the units digit of z(5)?
2
Let l(o) = 220*o**2 + 111*o + 12. What is the hundreds digit of l(-3)?
6
Let f be 215/(-5)*91/(-7) - -3. Let p = -411 + f. What is the hundreds digit of p?
1
Let c be (-18)/(-21)*42/18. What is the tens digit of (-9)/81 + (7597/9 - c)?
4
Suppose 0 = -2*o + 2, 12*x - 2*x = -4*o + 80374. What is the units digit of x?
7
What is the tens digit of ((-3)/4)/(7*(-1)/(-71624))*-1?
7
Suppose 1335 - 463 = 4*b. Let n = -175 + b. What is the units digit of n?
3
Let a(l) = 3*l + 6. Let g be a(-4). Let w be (g*3/(-12))/(1/2). Suppose -q + w*n = -93, 91 = q - 0*n - 4*n. What is the tens digit of q?
9
Let z be 16/(-8) + -3 - -232. Suppose 329 = l + z. What is the hundreds digit of l?
1
Let a(j) = -67*j - 33. Let i be a(2). Let w = i - -263. What is the tens digit of w?
9
Suppose 468006 = 216*m - 195*m. What is the hundreds digit of m?
2
Suppose -2*h = 2*b - 56992, -18*b + 113942 = 4*h - 20*b. What is the thousands digit of h?
8
Let p(s) = 415*s**2 - 2*s + 15. Let a be p(-3). Suppose 10*f - 604 - a = 0. What is the units digit of f?
6
Let y = 22917 - 6142. What is the tens digit of y?
7
Let l(q) = -2*q**2 + 29*q - 7. Let a be l(14). Let v(y) = -27*y**2 - 7*y + 20 - a*y + 16*y**2 + y**3. What is the hundreds digit of v(13)?
1
Let o(k) = -7*k - 222. Let f be o(-19). Suppose -4*g - 144 = -r, 273 = 2*r - 0*r - 3*g. Let q = f + r. What is the tens digit of q?
4
Let j(l) = 33*l**2 - 251*l - 10. What is the units digit of j(-11)?
4
Let i = -143 + 84. Let d = 64 + i. Suppose d*m = 210 + 255. What is the tens digit of m?
9
Suppose 0 = -j - 2, -4*g + 5838 = -2*j + 690. Suppose -5*r = 5*u - 3*u - 3191, -4*u = -2*r + g. What is the hundreds digit of r?
6
Let v be -2 - (6 - 2)/(-4). Let y be 11 + -11 + (v - -1). Suppose -x + 0*x + 113 = y. What is the unit